{"id":4344,"date":"2024-01-25T09:17:30","date_gmt":"2024-01-25T09:17:30","guid":{"rendered":"https:\/\/www.tuathi.nl\/?page_id=4344"},"modified":"2024-01-28T07:18:06","modified_gmt":"2024-01-28T07:18:06","slug":"privacy-en-cookies","status":"publish","type":"page","link":"https:\/\/www.tuathi.nl\/?page_id=4344","title":{"rendered":"Privacy en cookies"},"content":{"rendered":"\n<p class=\"wp-block-paragraph\"><span style=\"color: #000000;\">Op deze pagina leg ik u graag uit hoe ik om ga met uw gegevens en die van uw kind. Als u hierover vragen of opmerkingen heeft, kun u natuurlijk contact met mij opnemen, via email, telefonisch of het contactformulier op deze website.<\/span><\/p>\n\n\n\n<p class=\"wp-block-paragraph\"><span style=\"color: #000000;\">Het is in de eerste plaats belangrijk om op te merken dat uw persoonsgegevens en al datgene wat mij in de uitvoering van mijn werkzaamheden of het verlengde daarvan wordt verteld of op een andere wijze bekend gemaakt wordt, vertrouwelijk wordt behandeld. Aan derden, inclusief zorgverzekeraars en doorverwijzende instanties of het voorliggend veld zoals onderwijs wordt, behoudens een wettelijke verplichting, g\u00e9\u00e9n informatie verstrekt tenzij hierover vooraf expliciet met u is gecommuniceerd.<\/span><br><span style=\"color: #000000;\">Omdat ik als professional werk met en voor kinderen, houd ik mij aan de <a style=\"color: #000000;\" href=\"https:\/\/www.rijksoverheid.nl\/onderwerpen\/huiselijk-geweld\/meldcode\" target=\"_blank\" rel=\"noopener\">Wet Meldcode huiselijk geweld en kindermishandeling<\/a>.<\/span><\/p>\n\n\n\n<h3 class=\"wp-block-heading\"><span style=\"color: #000000;\">Privacyverklaring<\/span><\/h3>\n\n\n\n<p class=\"wp-block-paragraph\"><span style=\"color: #000000;\">Uw persoonsgegevens, als ouder en, of verzorger en die van uw kind kunnen verwerkt, gebruikt en opgeslagen worden teneinde de dienstverlening en daarbij noodzakelijke communicatie, waaronder het maken van afspraken en het opstellen van de behandelovereenkomst vanuit Tuathi mogelijk te maken. Het gaat hierbij om de persoonsgegevens die u zelf aan mij hebt verstrekt en waarvan u zelf hebt kunnen controleren op correctheid en volledigheid.<\/span><\/p>\n\n\n\n<h3 class=\"wp-block-heading\"><span style=\"color: #000000;\">Verwerking persoonsgegevens<\/span><\/h3>\n\n\n\n<p class=\"wp-block-paragraph\"><span style=\"color: #000000;\">Hieronder vind u een overzicht van de persoonsgegevens die verwerkt kunnen worden, indien van toepassing op uw situatie:<\/span><\/p>\n\n\n\n<ul class=\"wp-block-list\">\n<li><span style=\"color: #000000;\">Voor- en achternaam van de ouder(s) en, of verzorger(s),<\/span><\/li>\n\n\n\n<li><span style=\"color: #000000;\">adresgegevens van de ouder(s) en, of verzorger(s),<\/span><\/li>\n\n\n\n<li><span style=\"color: #000000;\">telefoonnummer van de ouder(s) en, of verzorger(s),<\/span><\/li>\n\n\n\n<li><span style=\"color: #000000;\">e-mailadres van de ouder(s) en, of verzorger(s),<\/span><\/li>\n\n\n\n<li><span style=\"color: #000000;\">overige persoonsgegevens die u zelf actief verstrekt bijvoorbeeld door een profiel op deze website aan te maken, in <\/span><\/li>\n\n\n\n<li><span style=\"color: #000000;\">correspondentie en telefonisch, inclusief berichten services zoals WhatsApp,<\/span><\/li>\n\n\n\n<li><span style=\"color: #000000;\">persoonsgegevens van personen jonger dan 16 jaar en bijzondere en, of gevoelige informatie zoals hierna gespecificeerd;<\/span><\/li>\n<\/ul>\n\n\n\n<p class=\"wp-block-paragraph\"><span style=\"color: #000000;\">Hieronder vindt u een overzicht van de persoonsgegevens, van personen jonger dan 16 jaar die verwerkt kunnen worden, indien van toepassing op jullie situatie:<\/span><\/p>\n\n\n\n<ul class=\"wp-block-list\">\n<li><span style=\"color: #000000;\">Voor- en achternaam van het kind,<\/span><\/li>\n\n\n\n<li><span style=\"color: #000000;\">geslacht van het kind,<\/span><\/li>\n\n\n\n<li><span style=\"color: #000000;\">geboortedatum van het kind,<\/span><\/li>\n\n\n\n<li><span style=\"color: #000000;\">geboorteplaats van het kind,<\/span><\/li>\n<\/ul>\n\n\n\n<p class=\"wp-block-paragraph\"><span style=\"color: #000000;\">Hieronder vindt u een overzicht van de bijzondere en, of gevoelige persoonsgegevens, van personen jonger dan 16 jaar die verwerkt kunnen worden, indien van toepassing op jullie situatie:<\/span><\/p>\n\n\n\n<ul class=\"wp-block-list\">\n<li><span style=\"color: #000000;\">Gegevens over de psychische, fysieke en sociale gezondheid van jouw kind.<\/span><\/li>\n<\/ul>\n\n\n\n<p class=\"wp-block-paragraph\"><span style=\"color: #000000;\">Uw persoonsgegevens en die van uw kind worden verwerkt ten behoeve van:<\/span><\/p>\n\n\n\n<ul class=\"wp-block-list\">\n<li><span style=\"color: #000000;\">Het leggen en onderhouden van contact,<\/span><\/li>\n\n\n\n<li><span style=\"color: #000000;\">het opstellen en uitvoeren van de behandelovereenkomst,<\/span><\/li>\n\n\n\n<li><span style=\"color: #000000;\">het opstellen van facturen en declaraties.<\/span><\/li>\n<\/ul>\n\n\n\n<p class=\"wp-block-paragraph\"><span style=\"color: #000000;\">De genoemde persoonsgegevens zullen worden bewaard tot maximaal \u00e9\u00e9n jaar na de be\u00ebindiging van de behandelovereenkomst en korter indien dat wettelijk verplicht is, of zo lang als wettelijk vereist wordt. Ik bewaar jullie gegevens en die van uw kind bij voorkeur niet langer dan strikt noodzakelijk is.<\/span><\/p>\n\n\n\n<p class=\"wp-block-paragraph\"><span style=\"color: #000000;\">De volgende bewaartermijnen gelden op het moment van opstellen van deze privacyverklaring op basis van wettelijke voorschriften of goed hulpverlenerschap;<\/span><\/p>\n\n\n\n<ul class=\"wp-block-list\">\n<li><span style=\"color: #000000;\">Persoonsgegevens t.b.v. facturering voor belastingen, tot 5 jaar na be\u00ebindiging van de behandelovereenkomst,<\/span><\/li>\n\n\n\n<li><span style=\"color: #000000;\">Persoonsgegevens i.c.m. gezondheidsgegevens tot 10 jaar na het bereiken van de leeftijd van 18 jaar van de jeugdige.<\/span><\/li>\n<\/ul>\n\n\n\n<p class=\"wp-block-paragraph\"><span style=\"color: #000000;\">Ik neem de bescherming van jullie gegevens serieus en neem passende maatregelen om misbruik, verlies, onbevoegde toegang, ongewenste openbaarmaking en ongeoorloofde wijziging tegen te gaan. De volgende maatregelen worden in elk geval genomen<\/span><\/p>\n\n\n\n<ul class=\"wp-block-list\">\n<li><span style=\"color: #000000;\">De website is voorzien van TLS (voorheen SSL). Hierdoor worden gegevens met u als gebruiker van de website uitgewisseld via een beveiligde verbinding, welke u herkent aan het hangslotje in de adresbalk van je internetbrowser. Ook start het internetadres van Tuathi.nl met \u201chttps\u201d.<\/span><\/li>\n\n\n\n<li><span style=\"color: #000000;\">De apparatuur waarop gegevens worden verwerkt zijn voorzien van beveiligingssoftware zoals een virusscanner en firewall.<\/span><\/li>\n\n\n\n<li><span style=\"color: #000000;\">De internetverbinding waarvan de apparatuur waarop gegevens worden verwerkt gebruik maakt, is voorzien van extra beveiliging tegen inbraak en ander misbruik.<\/span><\/li>\n\n\n\n<li><span style=\"color: #000000;\">Persoonsgegevens die nodig zijn voor uw identificatie en die van uw kind worden gescheiden van de gezondheidsinformatie opgeslagen en bewaard. Als u de indruk heeft dat jullie gegevens niet goed beveiligd zijn of er zijn aanwijzingen van misbruik, neem dan telefonisch of via e-mail contact met mij op.<\/span><\/li>\n<\/ul>\n\n\n\n<h3 class=\"wp-block-heading\"><span style=\"color: #000000; font-family: Dosis;\">Gegevens inzien, aanpassen of verwijderen<\/span><\/h3>\n\n\n\n<p class=\"wp-block-paragraph\"><span style=\"color: #000000;\">U heeft het recht om uw persoonsgegevens en die van uw kind in te zien, te corrigeren of te verwijderen. Daarnaast heeft u het recht om uw eventuele toestemming voor de gegevensverwerking in te trekken of bezwaar te maken tegen de verwerking van jullie persoonsgegevens en heeft u het recht op gegevensoverdraagbaarheid. Dat betekent dat u bij mij een verzoek kunt indienen om de persoonsgegevens die wij van jullie beschikken in een computerbestand naar u of een ander, door u genoemde organisatie, te sturen.<\/span><\/p>\n\n\n\n<p class=\"wp-block-paragraph\"><span style=\"color: #000000;\">U kunt een verzoek tot inzage, correctie, verwijdering of overdracht van jullie persoonsgegevens of verzoek tot intrekking van jouw toestemming of bezwaar op de verwerking van jullie persoonsgegevens sturen naar info@tuathi.nl.<\/span> <span style=\"color: #000000;\">Om er zeker van te zijn dat het verzoek tot inzage door u is gedaan, vragen wij u een kopie van uw identiteitsbewijs met het verzoek mee te sturen. Maak in deze kopie uw pasfoto, MRZ (machine readable zone, de strook met nummers onderaan het paspoort), paspoortnummer en Burgerservicenummer (BSN) zwart. Dit ter bescherming van uw privacy. Ik reageer zo snel mogelijk, maar binnen vier weken, op uw verzoek.<\/span><\/p>\n\n\n\n<p class=\"wp-block-paragraph\"><span style=\"color: #000000;\">Ik wil u er tevens op wijzen dat u de mogelijkheid heeft om bij onregelmatigheden een klacht in te dienen bij de nationale toezichthouder, de Autoriteit Persoonsgegevens. Dat kan via de volgende link: <a href=\"https:\/\/autoriteitpersoonsgegevens.nl\/nl\/contact-met-de-autoriteit-persoonsgegevens\/tip-on\" target=\"_blank\" rel=\"noopener\">https:\/\/autoriteitpersoonsgegevens.nl\/nl\/contact-met-de-autoriteit-persoonsgegevens\/tip-on<\/a><\/span><\/p>\n\n\n\n<h3 class=\"wp-block-heading\"><span style=\"color: #000000;\">Cookies<\/span><\/h3>\n\n\n\n<p class=\"wp-block-paragraph\"><span style=\"color: #000000;\">De website Tuathi.nl gebruikt alleen technische en functionele cookies en analytische cookies die geen inbreuk maken op jouw privacy. Een cookie is een klein tekstbestand dat bij het eerste bezoek aan deze website wordt opgeslagen op uw computer, tablet of smartphone. De cookies die gebruikt worden zijn noodzakelijk voor de technische werking van de website en uw gebruiksgemak. Ze zorgen ervoor dat de website naar behoren werkt en onthouden bijvoorbeeld je voorkeursinstellingen. Ook kunnen wij hiermee onze website optimaliseren. U kunt u afmelden voor cookies door uw internetbrowser zo in te stellen dat deze geen cookies meer opslaat. Daarnaast kunt u ook alle informatie die eerder is opgeslagen via de instellingen van je browser verwijderen.<\/span><\/p>\n\n\n\n<hr class=\"wp-block-separator has-alpha-channel-opacity\"\/>\n\n\n\n<div class=\"wp-block-columns is-layout-flex wp-container-core-columns-is-layout-8f761849 wp-block-columns-is-layout-flex\">\n<div class=\"wp-block-column has-black-color has-text-color is-layout-flow wp-block-column-is-layout-flow\" style=\"font-size:16px\">\n<h4 class=\"wp-block-heading has-text-color has-link-color wp-elements-e382148c46a86df826415c016d33b142\" style=\"color:#77b66d;font-size:20px\"><strong>Informatie<\/strong><\/h4>\n\n\n\n<p class=\"has-black-color has-text-color has-link-color wp-elements-348a6d2a1b83c52b8817a89ed6c57185 wp-block-paragraph\" style=\"font-size:18px\">\u2002<a href=\"https:\/\/www.tuathi.nl\/?page_id=4701\">Voor kinderen<\/a><\/p>\n\n\n\n<p class=\"has-black-color has-text-color has-link-color wp-elements-68073002150480b8eeed7eb77c770336 wp-block-paragraph\" style=\"font-size:18px\">\u2002<a href=\"https:\/\/www.tuathi.nl\/?page_id=4567\">Voor ouders<\/a><\/p>\n\n\n\n<p class=\"has-black-color has-text-color has-link-color wp-elements-7f5d1327d2d88b7b16e201f9587811ea wp-block-paragraph\" style=\"font-size:18px\">\u2002<a href=\"https:\/\/www.tuathi.nl\/?page_id=4571\">Voor professionals<\/a><\/p>\n<\/div>\n\n\n\n<div class=\"wp-block-column has-black-color has-text-color is-layout-flow wp-block-column-is-layout-flow\" style=\"font-size:16px\">\n<h4 class=\"wp-block-heading has-text-color has-link-color wp-elements-9aeebece911996cf9680e720f22b3cf6\" style=\"color:#77b66d;font-size:20px\"><strong>Kindertherapie<\/strong><\/h4>\n\n\n\n<p class=\"has-black-color has-text-color has-link-color wp-elements-623c545ffda0cc3a5512e2b3a8e36e9b wp-block-paragraph\" style=\"font-size:18px\">\u2002<a href=\"https:\/\/www.tuathi.nl\/?page_id=4848\">Werkwijze<\/a><\/p>\n\n\n\n<p class=\"has-black-color has-text-color has-link-color wp-elements-0bd0a908648f2f9cc2ee5a436572b76c wp-block-paragraph\" style=\"font-size:18px\">\u2002<a href=\"https:\/\/www.tuathi.nl\/?page_id=4707\">Behandelovereenkomst<\/a><\/p>\n\n\n\n<p class=\"has-black-color has-text-color has-link-color wp-elements-6e22956e07cd86345475d9e51baf8534 wp-block-paragraph\" style=\"font-size:18px\">\u2002<a href=\"https:\/\/www.tuathi.nl\/?page_id=4717#TariefKinder\">Tarieven<\/a><\/p>\n\n\n\n<p class=\"has-black-color has-text-color has-link-color wp-elements-3ba19932839538bd958feabdfbe85c85 wp-block-paragraph\" style=\"font-size:18px\">\u2002<\/p>\n<\/div>\n\n\n\n<div class=\"wp-block-column is-layout-flow wp-block-column-is-layout-flow\" style=\"font-size:16px\">\n<h4 class=\"wp-block-heading has-text-color has-link-color wp-elements-ebecb0b28316aa6c0ab95f8227ac3fed\" style=\"color:#77b66d;font-size:20px\"><strong>Training &amp; Advies<\/strong><\/h4>\n\n\n\n<p class=\"has-black-color has-text-color has-link-color wp-elements-5a324d7c92307d380db4fa7852ab34ce wp-block-paragraph\" style=\"font-size:18px\">\u2002<a href=\"https:\/\/www.tuathi.nl\/?page_id=4571#Trainingen\">Trainingen<\/a><\/p>\n\n\n\n<p class=\"has-black-color has-text-color has-link-color wp-elements-5cddc92c788772b944e25c9980154908 wp-block-paragraph\" style=\"font-size:18px\">\u2002<a href=\"https:\/\/www.tuathi.nl\/?page_id=4717#TariefTraining\">Tarieven<\/a><\/p>\n\n\n\n<p class=\"has-black-color has-text-color has-link-color wp-elements-3e59eaf400c539d9c76c41c9cb067b20 wp-block-paragraph\" style=\"font-size:18px\">\u2002<a href=\"https:\/\/www.tuathi.nl\/?page_id=1107\">Voorwaarden<\/a><\/p>\n<\/div>\n\n\n\n<div class=\"wp-block-column is-layout-flow wp-block-column-is-layout-flow\" style=\"font-size:16px\">\n<h4 class=\"wp-block-heading has-text-color has-link-color wp-elements-f5b477bf363d0f45db290ce99815db35\" style=\"color:#77b66d;font-size:20px\"><strong>Tuathi.nl<\/strong><\/h4>\n\n\n\n<p class=\"has-black-color has-text-color has-link-color wp-elements-860b692e7849ecc06d82bbceaf72ac9b wp-block-paragraph\" style=\"font-size:18px\">\u2002<a color=\"#000000\" href=\"https:\/\/www.Tuathi.nl\/\">Home<\/a><\/p>\n\n\n\n<p class=\"has-black-color has-text-color has-link-color wp-elements-e59509a7d7a6fa9ee837f97887472263 wp-block-paragraph\" style=\"font-size:18px\">\u2002<a href=\"https:\/\/www.tuathi.nl\/?page_id=4648\">Over mij<\/a><\/p>\n\n\n\n<p class=\"has-black-color has-text-color has-link-color wp-elements-9ace7e99a600a1296e2c3bf2b136914d wp-block-paragraph\" style=\"font-size:18px\">\u2002<a href=\"https:\/\/www.tuathi.nl\/?page_id=4705\">Praktijkruimte<\/a><\/p>\n\n\n\n<p class=\"has-black-color has-text-color has-link-color wp-elements-45b25f0d8adde0f6c1bbf8602d6ed77f wp-block-paragraph\" style=\"font-size:18px\">\u2002<a href=\"https:\/\/www.tuathi.nl\/?page_id=4688\">Anderen zeggen<\/a><\/p>\n\n\n\n<p class=\"has-black-color has-text-color has-link-color wp-elements-e3ffd1c65d156ed3145fa27ec4ffff98 wp-block-paragraph\" style=\"font-size:18px\">\u2002<a href=\"https:\/\/www.tuathi.nl\/?page_id=4690\">Contact<\/a><\/p>\n<\/div>\n<\/div>\n","protected":false},"excerpt":{"rendered":"<p>Op deze pagina leg ik u graag uit hoe ik om ga met uw gegevens en die van uw kind. Als u hierover vragen of opmerkingen heeft, kun u natuurlijk contact met mij opnemen, via email, telefonisch of het contactformulier op deze website. Het is in de eerste plaats belangrijk om op te merken dat [&hellip;]<\/p>\n","protected":false},"author":3690,"featured_media":0,"parent":0,"menu_order":0,"comment_status":"closed","ping_status":"closed","template":"","meta":{"_crdt_document":"","footnotes":""},"class_list":["post-4344","page","type-page","status-publish","czr-hentry"],"yoast_head":"<!-- This site is optimized with the Yoast SEO plugin v27.6 - https:\/\/yoast.com\/product\/yoast-seo-wordpress\/ -->\n<title>Privacy en cookies - Praktijk Tuathi<\/title>\n<meta name=\"description\" content=\"Praktijk Tuathi Privacy en cookies - Integratieve Kinder Counseling - Integratieve Kinder Coaching - Integratieve Kinder Therapie - Breda - Noord Brabant - Integratief - Kindercoach - Kindercounselor - Kindertherapeut - Specialist -\" \/>\n<meta name=\"robots\" content=\"index, follow, max-snippet:-1, max-image-preview:large, max-video-preview:-1\" \/>\n<link rel=\"canonical\" href=\"https:\/\/www.tuathi.nl\/?page_id=4344\" \/>\n<meta property=\"og:locale\" content=\"en_US\" \/>\n<meta property=\"og:type\" content=\"article\" \/>\n<meta property=\"og:title\" content=\"Privacy en cookies - Praktijk Tuathi\" \/>\n<meta property=\"og:description\" content=\"Praktijk Tuathi Privacy en cookies - Integratieve Kinder Counseling - Integratieve Kinder Coaching - Integratieve Kinder Therapie - Breda - Noord Brabant - Integratief - Kindercoach - Kindercounselor - Kindertherapeut - Specialist -\" \/>\n<meta property=\"og:url\" content=\"https:\/\/www.tuathi.nl\/?page_id=4344\" \/>\n<meta property=\"og:site_name\" content=\"Praktijk Tuathi\" \/>\n<meta property=\"article:modified_time\" content=\"2024-01-28T07:18:06+00:00\" \/>\n<meta name=\"twitter:card\" content=\"summary_large_image\" \/>\n<meta name=\"twitter:label1\" content=\"Est. reading time\" \/>\n\t<meta name=\"twitter:data1\" content=\"5 minutes\" \/>\n<script type=\"application\/ld+json\" class=\"yoast-schema-graph\">{\"@context\":\"https:\\\/\\\/schema.org\",\"@graph\":[{\"@type\":\"WebPage\",\"@id\":\"https:\\\/\\\/www.tuathi.nl\\\/?page_id=4344\",\"url\":\"https:\\\/\\\/www.tuathi.nl\\\/?page_id=4344\",\"name\":\"Privacy en cookies - Praktijk Tuathi\",\"isPartOf\":{\"@id\":\"https:\\\/\\\/www.tuathi.nl\\\/#website\"},\"datePublished\":\"2024-01-25T09:17:30+00:00\",\"dateModified\":\"2024-01-28T07:18:06+00:00\",\"description\":\"Praktijk Tuathi Privacy en cookies - Integratieve Kinder Counseling - Integratieve Kinder Coaching - Integratieve Kinder Therapie - Breda - Noord Brabant - Integratief - Kindercoach - Kindercounselor - Kindertherapeut - Specialist -\",\"breadcrumb\":{\"@id\":\"https:\\\/\\\/www.tuathi.nl\\\/?page_id=4344#breadcrumb\"},\"inLanguage\":\"en-US\",\"potentialAction\":[{\"@type\":\"ReadAction\",\"target\":[\"https:\\\/\\\/www.tuathi.nl\\\/?page_id=4344\"]}]},{\"@type\":\"BreadcrumbList\",\"@id\":\"https:\\\/\\\/www.tuathi.nl\\\/?page_id=4344#breadcrumb\",\"itemListElement\":[{\"@type\":\"ListItem\",\"position\":1,\"name\":\"Home\",\"item\":\"https:\\\/\\\/www.tuathi.nl\\\/\"},{\"@type\":\"ListItem\",\"position\":2,\"name\":\"Privacy en cookies\"}]},{\"@type\":\"WebSite\",\"@id\":\"https:\\\/\\\/www.tuathi.nl\\\/#website\",\"url\":\"https:\\\/\\\/www.tuathi.nl\\\/\",\"name\":\"Praktijk Tuathi\",\"description\":\"Integratieve kindertherapie en counseling\",\"publisher\":{\"@id\":\"https:\\\/\\\/www.tuathi.nl\\\/#organization\"},\"potentialAction\":[{\"@type\":\"SearchAction\",\"target\":{\"@type\":\"EntryPoint\",\"urlTemplate\":\"https:\\\/\\\/www.tuathi.nl\\\/?s={search_term_string}\"},\"query-input\":{\"@type\":\"PropertyValueSpecification\",\"valueRequired\":true,\"valueName\":\"search_term_string\"}}],\"inLanguage\":\"en-US\"},{\"@type\":\"Organization\",\"@id\":\"https:\\\/\\\/www.tuathi.nl\\\/#organization\",\"name\":\"Tuathi | Opgroeien met zelfinzicht en zelfvertrouwen | KinderCounseling en KinderCoaching\",\"url\":\"https:\\\/\\\/www.tuathi.nl\\\/\",\"logo\":{\"@type\":\"ImageObject\",\"inLanguage\":\"en-US\",\"@id\":\"https:\\\/\\\/www.tuathi.nl\\\/#\\\/schema\\\/logo\\\/image\\\/\",\"url\":\"https:\\\/\\\/i0.wp.com\\\/www.tuathi.nl\\\/wp-content\\\/uploads\\\/2019\\\/11\\\/logo-Tuathi.png-site.png?fit=795%2C274&ssl=1\",\"contentUrl\":\"https:\\\/\\\/i0.wp.com\\\/www.tuathi.nl\\\/wp-content\\\/uploads\\\/2019\\\/11\\\/logo-Tuathi.png-site.png?fit=795%2C274&ssl=1\",\"width\":795,\"height\":274,\"caption\":\"Tuathi | Opgroeien met zelfinzicht en zelfvertrouwen | KinderCounseling en KinderCoaching\"},\"image\":{\"@id\":\"https:\\\/\\\/www.tuathi.nl\\\/#\\\/schema\\\/logo\\\/image\\\/\"}}]}<\/script>\n<!-- \/ Yoast SEO plugin. -->","yoast_head_json":{"title":"Privacy en cookies - Praktijk Tuathi","description":"Praktijk Tuathi Privacy en cookies - Integratieve Kinder Counseling - Integratieve Kinder Coaching - Integratieve Kinder Therapie - Breda - Noord Brabant - Integratief - Kindercoach - Kindercounselor - Kindertherapeut - Specialist -","robots":{"index":"index","follow":"follow","max-snippet":"max-snippet:-1","max-image-preview":"max-image-preview:large","max-video-preview":"max-video-preview:-1"},"canonical":"https:\/\/www.tuathi.nl\/?page_id=4344","og_locale":"en_US","og_type":"article","og_title":"Privacy en cookies - Praktijk Tuathi","og_description":"Praktijk Tuathi Privacy en cookies - Integratieve Kinder Counseling - Integratieve Kinder Coaching - Integratieve Kinder Therapie - Breda - Noord Brabant - Integratief - Kindercoach - Kindercounselor - Kindertherapeut - Specialist -","og_url":"https:\/\/www.tuathi.nl\/?page_id=4344","og_site_name":"Praktijk Tuathi","article_modified_time":"2024-01-28T07:18:06+00:00","twitter_card":"summary_large_image","twitter_misc":{"Est. reading time":"5 minutes"},"schema":{"@context":"https:\/\/schema.org","@graph":[{"@type":"WebPage","@id":"https:\/\/www.tuathi.nl\/?page_id=4344","url":"https:\/\/www.tuathi.nl\/?page_id=4344","name":"Privacy en cookies - Praktijk Tuathi","isPartOf":{"@id":"https:\/\/www.tuathi.nl\/#website"},"datePublished":"2024-01-25T09:17:30+00:00","dateModified":"2024-01-28T07:18:06+00:00","description":"Praktijk Tuathi Privacy en cookies - Integratieve Kinder Counseling - Integratieve Kinder Coaching - Integratieve Kinder Therapie - Breda - Noord Brabant - Integratief - Kindercoach - Kindercounselor - Kindertherapeut - Specialist -","breadcrumb":{"@id":"https:\/\/www.tuathi.nl\/?page_id=4344#breadcrumb"},"inLanguage":"en-US","potentialAction":[{"@type":"ReadAction","target":["https:\/\/www.tuathi.nl\/?page_id=4344"]}]},{"@type":"BreadcrumbList","@id":"https:\/\/www.tuathi.nl\/?page_id=4344#breadcrumb","itemListElement":[{"@type":"ListItem","position":1,"name":"Home","item":"https:\/\/www.tuathi.nl\/"},{"@type":"ListItem","position":2,"name":"Privacy en cookies"}]},{"@type":"WebSite","@id":"https:\/\/www.tuathi.nl\/#website","url":"https:\/\/www.tuathi.nl\/","name":"Praktijk Tuathi","description":"Integratieve kindertherapie en counseling","publisher":{"@id":"https:\/\/www.tuathi.nl\/#organization"},"potentialAction":[{"@type":"SearchAction","target":{"@type":"EntryPoint","urlTemplate":"https:\/\/www.tuathi.nl\/?s={search_term_string}"},"query-input":{"@type":"PropertyValueSpecification","valueRequired":true,"valueName":"search_term_string"}}],"inLanguage":"en-US"},{"@type":"Organization","@id":"https:\/\/www.tuathi.nl\/#organization","name":"Tuathi | Opgroeien met zelfinzicht en zelfvertrouwen | KinderCounseling en KinderCoaching","url":"https:\/\/www.tuathi.nl\/","logo":{"@type":"ImageObject","inLanguage":"en-US","@id":"https:\/\/www.tuathi.nl\/#\/schema\/logo\/image\/","url":"https:\/\/i0.wp.com\/www.tuathi.nl\/wp-content\/uploads\/2019\/11\/logo-Tuathi.png-site.png?fit=795%2C274&ssl=1","contentUrl":"https:\/\/i0.wp.com\/www.tuathi.nl\/wp-content\/uploads\/2019\/11\/logo-Tuathi.png-site.png?fit=795%2C274&ssl=1","width":795,"height":274,"caption":"Tuathi | Opgroeien met zelfinzicht en zelfvertrouwen | KinderCounseling en KinderCoaching"},"image":{"@id":"https:\/\/www.tuathi.nl\/#\/schema\/logo\/image\/"}}]}},"jetpack_shortlink":"https:\/\/wp.me\/PalW0Q-184","jetpack_sharing_enabled":true,"_links":{"self":[{"href":"https:\/\/www.tuathi.nl\/index.php?rest_route=\/wp\/v2\/pages\/4344","targetHints":{"allow":["GET"]}}],"collection":[{"href":"https:\/\/www.tuathi.nl\/index.php?rest_route=\/wp\/v2\/pages"}],"about":[{"href":"https:\/\/www.tuathi.nl\/index.php?rest_route=\/wp\/v2\/types\/page"}],"author":[{"embeddable":true,"href":"https:\/\/www.tuathi.nl\/index.php?rest_route=\/wp\/v2\/users\/3690"}],"replies":[{"embeddable":true,"href":"https:\/\/www.tuathi.nl\/index.php?rest_route=%2Fwp%2Fv2%2Fcomments&post=4344"}],"version-history":[{"count":7,"href":"https:\/\/www.tuathi.nl\/index.php?rest_route=\/wp\/v2\/pages\/4344\/revisions"}],"predecessor-version":[{"id":4737,"href":"https:\/\/www.tuathi.nl\/index.php?rest_route=\/wp\/v2\/pages\/4344\/revisions\/4737"}],"wp:attachment":[{"href":"https:\/\/www.tuathi.nl\/index.php?rest_route=%2Fwp%2Fv2%2Fmedia&parent=4344"}],"curies":[{"name":"wp","href":"https:\/\/api.w.org\/{rel}","templated":true}]}}